/(-4) - x/(-8). Suppose n = 3*f - 9, -4*h = -3*f - 395 - 40. Is h a prime number?
False
Let g(o) = 9356*o**3 - 4*o**2 - 3*o + 6. Is g(1) a composite number?
True
Suppose 3*i - 2*c = -3*c - 124, -3*i + 5*c = 136. Let k = 55 + 84. Let n = k - i. Is n composite?
False
Let c = -4 + -5. Let h(j) = j**3 + 10*j**2 + 11*j + 13. Let n be h(c). Is n/(-10)*286/1 a composite number?
True
Suppose 32 = 6*z - 16. Suppose 2*g - 8 = o + o, 0 = -5*g - o + z. Suppose 0 = 5*d - g*r - 641, -d - 2*r = -5*d + 514. Is d a composite number?
False
Suppose -r + 2*a = -43, 0 = -3*a - 0*a - 12. Suppose -3*z = -2*z + 5*n - 6, 3*z + 4 = -4*n. Let d = z + r. Is d a prime number?
True
Let j = -21 + 27. Let o(g) = -2*g**3 + 5*g**2 - 6*g - 4. Let v be o(j). Let c = 1013 + v. Is c a composite number?
True
Suppose 4*n - 56 = -h, h + 8 = 3*n - 27. Suppose -10*l - 1113 = -n*l. Is l composite?
True
Suppose j - 4*x = 17359, 2*x = 29*j - 26*j - 52027. Is j a prime number?
False
Let j(x) = -2*x + 48. Let c be j(24). Let q be (0 - -1) + -2 - -6. Suppose -3*s + 759 = 2*w, c = q*s - 4*s - 2*w - 253. Is s a prime number?
False
Suppose -4*v + 8 = -4*q, 4*v + 22 = -4*q - 2. Is (-857)/(-4) + q/16 a prime number?
False
Let h be 18/4 - (-2)/4. Let a(u) = -25*u**3 + 2. Let c be a(-2). Suppose h*m - c - 33 = 0. Is m a composite number?
False
Let g = 46 + -42. Suppose 5*i - g*i = -j + 1414, 0 = 4*i - 3*j - 5621. Is i prime?
True
Let c be (-9)/(-6)*20/6. Suppose -2*l = 4*k - 3348, 4*k - 2*k + c*l - 1666 = 0. Suppose -2*j = -0*j - k. Is j a composite number?
False
Let g be 7*(75 - (-8)/4). Suppose 524 = 4*d + 2*v, g = 5*d + 3*v - 118. Suppose -d = -3*b + 120. Is b a prime number?
True
Let b(t) = 18 - 3 + 138*t - 67*t. Is b(8) a prime number?
False
Let x = -13 - -18. Suppose -1015 = -x*p + 1170. Is p a composite number?
True
Let j = 50 + -56. Is (-439 + -4)*2*3/j a composite number?
False
Let n(p) = -2*p. Let a(t) = -t**3 - t**2 + 3*t + 1. Let s be a(-2). Let f be n(s). Suppose 725 = f*r + 3*r. Is r a prime number?
False
Let h be 3*1401/18*2. Suppose -2030 = -3*d - h. Is d a composite number?
False
Let d be 1*(217 - 4/1). Suppose 3*j + 252 = -4*u + u, -3*u = -2*j + 227. Let i = u + d. Is i a composite number?
True
Let v(j) be the second derivative of j**5/20 + j**4/3 + j**3/6 + 5*j**2/2 + 2*j. Let c be v(-4). Is (0 - c) + 1488/12 a composite number?
True
Suppose 0 = 3*h + i + 22, 0*h + 24 = -3*h - 3*i. Let j(y) = -4*y - 15. Let k be j(h). Suppose -6*g - k = -w - 2*g, 5*w - 175 = -2*g. Is w a composite number?
True
Let b = 2 - -3. Suppose -5*h - b*p + 3*p = -1940, 0 = 4*p + 20. Let i = 613 - h. Is i a prime number?
True
Suppose s - 2 = 2*s, 5*s = -3*h + 79973. Is h a prime number?
False
Suppose -4*d + d = -465. Suppose -8*b = -d - 821. Is b a composite number?
True
Let f = 12208 - 5961. Is f a prime number?
True
Let j = -28 + 8. Let q be (-3)/5 - 4352/j. Let p = q - 120. Is p a prime number?
True
Is (7 - 658/98) + 109905/7 a prime number?
False
Let o be (4/5)/(2/(-5)) + 278. Let m = 611 - o. Is m composite?
True
Suppose i - 3*o + 5*o - 12617 = 0, -3*o - 25213 = -2*i. Is i a composite number?
False
Let m = 39 + -39. Is 1 + 61 + 2 - (m + 2) prime?
False
Let o = -11 - -16. Let r = -705 - -2211. Suppose 0 = o*t - 3*t - r. Is t prime?
False
Let f = 12 + -10. Suppose 0 = -5*x - 5*v + 3 - 8, -f*x - v = 0. Suppose x = -3*y + 34. Is y prime?
True
Let d(w) = 84*w - 65. Is d(27) prime?
True
Let l be (-1)/(10/35)*-2. Let w be 2/10 - l/35. Suppose w*m = 3*m - 138. Is m prime?
False
Let b = -2 - -11. Let a(w) = -w**3 + 13*w**2 + 18*w - 10. Let f be a(14). Is (b/(-3))/(-6)*f a prime number?
True
Let x(i) = -1. Let p(m) = 4*m**2 + 7*m - 8. Suppose -5 = -4*k - k + a, 0 = -k - 2*a + 1. Let b(o) = k*p(o) + x(o). Is b(4) prime?
True
Let i = 35 - 30. Suppose i*a + 275 = -0*a. Let m = 77 + a. Is m a composite number?
True
Suppose 11*o - 120141 = -10*o. Is o a composite number?
True
Let m(u) = 2710*u**2 + 33*u + 100. Is m(-5) a composite number?
True
Suppose 4*a + 2*u - 5885 = u, 3*a - 4410 = -2*u. Let v = a + -837. Is v a prime number?
False
Let h be 18/(-4)*20/(-30). Suppose -8*v = -h*v - 605. Is v prime?
False
Let c be (0 + (-79)/2)*-2. Let t be (-2)/2 - (3 + (-4 - 0)). Let v = c + t. Is v prime?
True
Let z(i) = -1156*i - 2. Let k be z(-1). Let u = k - 505. Is u a composite number?
True
Let y(o) = 730*o**2 + 13*o - 10. Is y(3) composite?
False
Is -2 + 131979/8 - (-168)/(-448) composite?
True
Suppose -5*f + 923 = c - 2*f, -3658 = -4*c + 5*f. Is c a composite number?
True
Is 134/6*(11 - -58) composite?
True
Suppose -2*g + 2160 = -2*u - 1500, -2*u = -3*g + 3663. Let q = u - -2780. Is q prime?
True
Let n(x) = -3*x + 19. Let u be n(4). Let i = 8 + -6. Is 11860/140 + i/u a prime number?
False
Is 2/(-4)*(-7888 - -2) a composite number?
False
Let l = -27 + 27. Suppose 2*k - k - 19 = l. Is k composite?
False
Let t(y) = -547*y - 154. Is t(-5) a composite number?
True
Let j(x) = 11*x**2 + 3*x - 7. Let c = 9 - 14. Is j(c) a composite number?
True
Let m(w) = -7 + w**2 - w + w**2 - 26*w**3 + 2*w. Is m(-4) composite?
True
Let y be (10*(-1)/(-4))/(2/4). Suppose y*w - 3520 = 745. Is w composite?
False
Is -5 + (-9 - -13) - -20018 a composite number?
True
Suppose 3*b - 43 - 132 = 2*c, 3*c + 125 = 2*b. Let r = -5913 + 9291. Is r/10 + (-44)/b composite?
False
Let z be (42/(-12))/((-3)/6). Let m(v) = -8*v**2 + 2*v + 13. Let j be m(z). Let l = j - -556. Is l prime?
True
Suppose 0*b = -2*b - 4*u + 44, 3*u + 111 = 3*b. Suppose 2*n + 1 = n. Is 8472/b + n/(-4) a composite number?
True
Let z = 1842 - 402. Suppose -12 = -4*d, 4*d = s - 29 - z. Is s a composite number?
False
Let v(p) = -4*p**3 + 6*p**2 - 15*p + 78. Is v(-15) composite?
True
Let k = 1100 - -843. Is k composite?
True
Suppose 4*m + 24 - 64 = -4*a, a + 4*m = 10. Suppose -5*z = -a*z. Suppose z = 5*r + 3*v - 958 - 1276, -4*r = 5*v - 1795. Is r a prime number?
False
Suppose -15 = -6*t + t, 2*y - 829 = -t. Let h = y + 1327. Suppose 0*b - 4*b + 1368 = 4*q, -5*q = -b - h. Is q composite?
False
Let k = -1624 - -2833. Suppose -k = -2*u - u. Is u a prime number?
False
Let d be ((-3 - -8) + -3)/(-2). Let y be (234/(-3) - -3)*d. Let v = 128 - y. Is v prime?
True
Suppose 2*i - 8 + 0 = 0. Suppose i*k - 814 = 2*k. Is k composite?
True
Suppose 4*q + 10*o - 43618 = 13*o, -3*o + 10897 = q. Is q prime?
True
Let u(q) = 16*q**2 + 5*q - 2. Let z = -40 - -35. Is u(z) a prime number?
True
Let z(f) = -2*f - 15. Let s = 70 + -48. Suppose -k - k + 4*c = s, -5*k - c - 55 = 0. Is z(k) a prime number?
True
Suppose -38 = -0*o - o. Let p = o + -3. Is p prime?
False
Let i = -1450 + 16749. Is i a composite number?
False
Suppose -2*x - 134 = -k + 99, 4*x - 4*k = -472. Let p = 198 + x. Suppose i - p - 108 = 0. Is i a composite number?
False
Let v be 72/12 + -2 + -1. Suppose -5*t - 1050 = -2*a, -5*a = v*t + 843 - 3437. Let y = a - 309. Is y a prime number?
True
Is (-23150)/(-15) + 0 + 2/(-6) composite?
False
Let y(r) be the third derivative of 5/3*r**3 + 0*r - 7/24*r**4 + 0 - 4*r**2. Is y(-7) composite?
False
Let h be (-24)/(-18)*6/4 - -944. Suppose 0 = -g + 519 + h. Is g composite?
True
Let l(t) = -t**3 - 2*t**2 + t + 2. Let m be l(0). Is (-2218 - (2 - m))/(-2) a composite number?
False
Let j(v) = 27*v**2 + 11*v - 67. Is j(4) a composite number?
False
Let k = -26 - -395. Let v = k + -166. Is v a prime number?
False
Let v be -5 - (5 + -2 - 2). Let u(w) = -3*w**3 + 4*w**2 + 9*w + 1. Let o be u(v). Let q = o - 324. Is q a prime number?
False
Is ((-219663)/45)/(4/(-20)) composite?
False
Suppose -1 + 5 = 4*l. Let m(q) = 54*q - 1. Let f be m(l). Suppose 2*x - f = x. Is x a composite number?
False
Let l be (-22)/(-6) - 4/(-12). Let f be 2/l*(13 + 1). Suppose 260 = -3*m + f*m. Is m prime?
False
Let g(k) = -75*k**2 - 11*k + 5. Let y be g(6). Let o = y - -4122. Is o composite?
False
Let i = -24 + 25. Is (2/(-6))/(i/(-1623)) a prime number?
True
Suppose -3*x = -2*x, 0 = -4*w - x + 24. Let j be w*(10 + 1/(-1)). Suppose -4*u = -370 + j. Is u composite?
False
Suppose 24*x + 55518 = 30*x. Is x prime?
False
Let u = 15 - 10. Suppose u*v = 5*y - 785, 4*y - 655 = -6*v + v. Suppose 0 = 2*j - i - y + 28, -5*j = -2*i - 329. Is j composite?
True
Let f be (1184/10)/(4/40). Suppose 1413 + f = 7*h. Is h composite?
True
Suppose h - 3350 = -5*d